f + 4, 0 = -5*f + 3*p - 1. Suppose -5 + f = -2*a. Suppose -1 = a*v - 21. What is the tens digit of v?
1
Let z be 27/(-12) + 2/8. Let l(q) = -q**3 - 7*q**2 - 7*q - 7. Let y be l(-6). Let d = y - z. What is the units digit of d?
1
Suppose 0 = 5*j + 4*s + 169, -4*j + j + 2*s = 97. Let y = 48 + j. What is the tens digit of y?
1
Let n(p) = p**3 + 9*p**2 + 10*p + 3. Let w be n(-8). Let s(l) = -26*l**3 + l**2 + l + 1. Let r be s(-1). Let t = w + r. What is the tens digit of t?
1
Let c(h) = 2*h**3 - 14*h**2 + 19*h + 3. Let d(o) = 5*o**3 - 41*o**2 + 56*o + 9. Let l(b) = 8*c(b) - 3*d(b). What is the tens digit of l(-12)?
4
Suppose u - 3*n + 4 = 0, 3*n = 3*u + 2*u + 44. Let t = u - -16. What is the units digit of t?
6
What is the units digit of (((-273)/(-4))/(-7))/(6/(-16))?
6
Let b(y) = -y**3 + 5*y**2 - 2*y + 4. What is the tens digit of b(4)?
1
Suppose 2*l + 2*l - 40 = 0. What is the units digit of -3*-1*(l - -1)?
3
Suppose 2*a - 5*d - 26 = 26, -a + 5*d = -21. What is the tens digit of a?
3
Suppose 60 = -2*t + 7*t. Suppose -5*s + 25 = 3*q, 0*s - q + 7 = s. Let o = t - s. What is the tens digit of o?
1
Let h(y) = -1 + y - 3 + 1 + 2. Let o = -3 - -9. What is the units digit of h(o)?
5
Let n = 31 + -54. Let f be 258/8 - (-1)/(-4). Let i = n + f. What is the units digit of i?
9
Suppose 9 = 3*b - 0*b. Suppose b*s = 2*s + 10. Suppose s = 3*r - r. What is the units digit of r?
5
Let x be ((-15)/(-20))/(1/4). Suppose 4*z - 2*z - 2*l - 24 = 0, -x*l + 15 = 0. What is the tens digit of z?
1
Let i(v) = 17*v**2 - 4. Let s be i(-3). Suppose -4*m + s = 29. What is the tens digit of m?
3
Suppose p + 0*p = 1. Suppose z = -4*l - 15, 11 = -3*l - p. What is the units digit of (-2)/4*z*-28?
4
Let t(m) = -m**2 + 7*m - 1. Let z be t(6). Suppose -z*y + 13 = -2. What is the units digit of y?
3
Suppose y = 4*y - 36. Let j be (-5)/3 + 4/6. Let z = y + j. What is the tens digit of z?
1
Let g = -1 + 6. Let v(m) = m**2 + 0*m**2 - 9*m + g*m - 3. What is the units digit of v(6)?
9
Let l = 111 + -44. What is the tens digit of l?
6
Suppose -2*g - 3*g - 3*m = -100, 13 = g + 2*m. Suppose -3*x - 40 = g. What is the units digit of (-3 - x/9)*-3?
2
Let t(u) = u**2 - u - 4. Let k be t(-4). Suppose w = -w + k. Let r = w - 4. What is the units digit of r?
4
Let s = 55 + -33. What is the tens digit of s?
2
Let g = 6 + 8. What is the tens digit of g?
1
Let l be (-4 + 71)/(-1) + -2. Let a = -38 - l. What is the tens digit of a?
3
Let u = -2 + 8. What is the units digit of u?
6
Suppose 5*r + 3*w = 25, 4*w = -3*r + 9*w + 15. What is the units digit of r?
5
Let m(t) = -t + 2. What is the tens digit of m(-12)?
1
Let m = 10 + -12. What is the units digit of 1/(11/5 + m)?
5
Let n(y) = 5*y + 1. Let l be n(7). Let r = l + -21. Suppose 2*h - 5*u - r = 0, -13 = h - 4*h - 2*u. What is the units digit of h?
5
Let h(c) = 8 - 3*c**2 + 2*c**2 + 3*c**2 + 0*c**2 + 8*c. What is the units digit of h(-4)?
8
Let k be (1/3)/((-4)/132). Let b(y) be the first derivative of -y**2/2 - 3*y - 3. What is the units digit of b(k)?
8
Let a(f) = f**2 + 8*f - 26. What is the units digit of a(-11)?
7
Let r(k) = -4*k**2 + k**2 - 6*k + 2*k**2 + 5. Let y(l) = 2*l + 4. Let c be y(-5). What is the units digit of r(c)?
5
Suppose 4*i + 34 = -42. Let q = 16 - i. What is the tens digit of q?
3
Let l(a) be the first derivative of -a**3/3 + a**2/2 + 8*a - 1. What is the units digit of l(0)?
8
Let c(x) = x**3 + 4*x**2 - 2*x + 2. Let i be c(-4). Suppose -3*b = 5*h - i, 0*h + 5*b = 2*h - 4. Suppose 10 + h = 4*v. What is the units digit of v?
3
Let w(h) = 2*h**3 - 2*h**2 + h - 1. What is the units digit of w(2)?
9
Let t(g) = -g**3 + 2*g**2 - 4*g - 3. What is the units digit of t(-3)?
4
Let n = -15 - -11. Let t be n/6 - 44/(-12). Suppose 0*d - t*d = -18. What is the units digit of d?
6
Let a(s) = 2*s**2 + 2. Suppose -5*o = -22 - 23. Suppose 3 - o = 2*n. What is the tens digit of a(n)?
2
Suppose 9 = 4*x + 29, 2*f - 26 = 4*x. Suppose 0 = f*a + 2*a - 25. What is the units digit of a?
5
Let v(d) = -d - 9. Let b be (-43)/5 - 6/(-10). Let m be v(b). What is the units digit of (-2)/(m + 3)*-10?
0
Let k(c) = -2*c**3 - 6*c**2 + 2*c + 8. What is the units digit of k(-4)?
2
Suppose -5*q - 5*t + 16 = -2*q, 0 = q + 3*t - 8. Let v = 2 - q. Suppose v*i + 40 = 5*i. What is the units digit of i?
8
Suppose -l - 16 = -3*o, -o - 3*l + 1 + 1 = 0. Suppose -i - 3*k + 20 = -4*k, o*i + k = 76. What is the tens digit of i?
1
Suppose 0 = 4*u + u - 15. Suppose 3 = b + 2. What is the units digit of (u/2 - b)*16?
8
Let w = -26 + 27. Suppose 2*y - w - 85 = 0. What is the units digit of y?
3
Suppose -3*z = 2*z - 90. Suppose 4*m - z = y + 2*m, m + 36 = -4*y. Let v = y - -17. What is the units digit of v?
7
Let o = 3 + -8. Let d(c) = c**2 + 7*c + 7. Let t be d(o). Let s(n) = n**3 + 2*n**2 - 5*n - 3. What is the units digit of s(t)?
3
Let i be (-1)/4 - 27/(-12). Suppose -i = -3*j + j. What is the units digit of j?
1
Let z = -11 + 15. Suppose z + 2 = 3*i. Suppose -2*l = -3*u + 2, 2*u + i = 4*l - 2. What is the units digit of l?
2
Suppose 0 = -3*g - 2*h + 10, 3*h + 0*h + 2 = 4*g. Suppose -i - 4*i + 53 = g*b, -i + 22 = b. What is the tens digit of b?
1
Suppose t + 2*t = -2*a + 43, 31 = 2*a - t. What is the units digit of a?
7
Let r be (-19)/3 - 2/3. Let d = 2 + r. What is the units digit of (18/15)/((-1)/d)?
6
Let n be (6 - 1/1) + -3. Suppose -6 = -w + n. Let x = w + 1. What is the units digit of x?
9
Suppose -5*a + 3*t + 1 = -3*a, 3*t = 9. Suppose -p + a*s + 26 = 0, 3*s = -3*p + 5*s + 65. What is the units digit of p?
1
Let n be (-93)/6*(1 + -3). Let l(p) = -3*p - 2. Let j be l(4). Let x = n + j. What is the units digit of x?
7
Let n = 20 - 15. Let c(d) = d**3 - 10*d**2 - 6*d - 5. Let h(u) = 2*u**3 - 19*u**2 - 12*u - 10. Let o(a) = 11*c(a) - 6*h(a). What is the units digit of o(n)?
0
What is the units digit of (-3)/9 + (-4)/(-3)?
1
Let q = 1 + -4. Let t = q - -4. What is the units digit of t?
1
Suppose j + j - 58 = 0. What is the tens digit of j?
2
Let r = -115 + -319. What is the tens digit of r/(-21) + 4/(-6)?
2
Let a(s) = s**3 + s**2 - s - 2. Let g be (2 + -5)/(12/(-8)). What is the units digit of a(g)?
8
Let k(q) = q**3 + 12*q**2 - q - 4. Let o(w) = -w**3 - 11*w**2 + 3. Let g(c) = -5*k(c) - 6*o(c). Let z be 20/(-8)*(0 + 2). What is the units digit of g(z)?
2
Suppose 3 = -3*l - 0. Let c = 1 - l. What is the units digit of c?
2
Let b(y) = -11*y - 55. What is the units digit of b(-8)?
3
Suppose -44 = -2*c + 52. What is the tens digit of c?
4
Let o = -99 + 189. What is the units digit of o?
0
Suppose -f + 3 = 2*f. What is the units digit of f?
1
Let p be 2/9 - (-150)/54. Suppose -p*z - 5*n = -92, 68 = 3*z - 0*n - n. What is the units digit of z?
4
Suppose f - 5*v - 60 = -10*v, -4*f + 224 = 4*v. What is the units digit of f?
5
Suppose a - 5*p - 13 = 18, 2*a - 32 = -5*p. Suppose -3*c - 8 = 1, 3*r + a = 5*c. Let f = r - -20. What is the units digit of f?
8
What is the tens digit of (-15)/(-10)*40/6?
1
Suppose i - 7 = -2*k, -3*k = -2*k - 2*i - 1. Let j = k - -1. What is the units digit of j?
4
Suppose -4*c - 3*a + 26 = -2*c, c - 2*a + 1 = 0. What is the units digit of c?
7
Let c = 6 + -4. What is the units digit of (-25)/(-3) - c/(-3)?
9
Let k = 17 - 10. Let t = -7 + k. Let d = t + 3. What is the units digit of d?
3
Suppose 0*u - u + 4 = 0. Suppose 2*p - 10 = u*p. What is the units digit of (p/(-4))/(2/16)?
0
Let r(m) = -m**2 + 6*m - 5. Let g be r(6). What is the tens digit of (g/2)/(6/(-72))?
3
What is the units digit of (24/4)/(3/8)?
6
Suppose -2*l + 108 = 2*l. What is the tens digit of l?
2
Let x be (-75)/(-2) - (-3)/(-6). Let p = x - 21. Suppose 2*q - 12 - p = 0. What is the tens digit of q?
1
Suppose -2*m + 246 = -4*m. What is the tens digit of (-2)/(-6) - m/9?
1
Let n be (-2)/(-10) + 42/15. Suppose -5*j + 43 + 22 = -n*h, 0 = -4*h. Suppose -3*l - s = -j, 5*s - 2*s = -3*l + 21. What is the units digit of l?
3
Let o be (-2)/(1 - 2) + 1. Suppose o*b - k - 9 - 17 = 0, -5*k = -5. What is the units digit of b?
9
Suppose -6 = 14*s - 16*s. What is the units digit of s/(-21) + (-75)/(-35)?
2
Suppose -8 = -4*n + f, -6*n + n = -f - 11. Suppose 1 = -n*j + 61. What is the tens digit of j?
2
Let j = -65 + 113. What is the tens digit of j?
4
Let h = 687 - 387. What is the units digit of h?
